hat are the prime factors of 67471?
109, 619
List the prime factors of 51155.
5, 13, 787
What are the prime factors of 47157?
3, 11, 1429
What are the prime factors of 18497?
53, 349
What are the prime factors of 5143?
37, 139
What are the prime factors of 59272?
2, 31, 239
What are the prime factors of 20845?
5, 11, 379
List the prime factors of 10444.
2, 7, 373
List the prime factors of 6018.
2, 3, 17, 59
What are the prime factors of 7614?
2, 3, 47
What are the prime factors of 654?
2, 3, 109
What are the prime factors of 84585?
3, 5, 5639
What are the prime factors of 5601?
3, 1867
What are the prime factors of 250?
2, 5
List the prime factors of 12411.
3, 7, 197
What are the prime factors of 15176?
2, 7, 271
List the prime factors of 19230.
2, 3, 5, 641
What are the prime factors of 1182?
2, 3, 197
List the prime factors of 1225.
5, 7
List the prime factors of 13195.
5, 7, 13, 29
List the prime factors of 2316.
2, 3, 193
List the prime factors of 377.
13, 29
What are the prime factors of 53517?
3, 17839
List the prime factors of 972.
2, 3
What are the prime factors of 5761?
7, 823
List the prime factors of 1172.
2, 293
What are the prime factors of 14522?
2, 53, 137
What are the prime factors of 2107?
7, 43
List the prime factors of 1203.
3, 401
What are the prime factors of 3787?
7, 541
What are the prime factors of 4028?
2, 19, 53
What are the prime factors of 16386?
2, 3, 2731
List the prime factors of 110388.
2, 3, 9199
What are the prime factors of 94?
2, 47
What are the prime factors of 7100?
2, 5, 71
What are the prime factors of 61552?
2, 3847
List the prime factors of 8129.
11, 739
What are the prime factors of 13215?
3, 5, 881
List the prime factors of 96033.
3, 7, 17, 269
List the prime factors of 16813.
17, 23, 43
What are the prime factors of 6431?
59, 109
What are the prime factors of 2190?
2, 3, 5, 73
What are the prime factors of 7148?
2, 1787
List the prime factors of 9588.
2, 3, 17, 47
List the prime factors of 21891.
3, 7297
List the prime factors of 4040.
2, 5, 101
What are the prime factors of 871?
13, 67
List the prime factors of 7774.
2, 13, 23
What are the prime factors of 2720?
2, 5, 17
List the prime factors of 131709.
3, 43, 1021
What are the prime factors of 39057?
3, 47, 277
List the prime factors of 6790.
2, 5, 7, 97
List the prime factors of 548.
2, 137
What are the prime factors of 22994?
2, 11497
List the prime factors of 53028.
2, 3, 491
What are the prime factors of 1672?
2, 11, 19
What are the prime factors of 684?
2, 3, 19
List the prime factors of 4820.
2, 5, 241
What are the prime factors of 5923?
5923
What are the prime factors of 1047?
3, 349
What are the prime factors of 18618?
2, 3, 29, 107
List the prime factors of 4904.
2, 613
List the prime factors of 6532.
2, 23, 71
What are the prime factors of 14060?
2, 5, 19, 37
What are the prime factors of 5651?
5651
List the prime factors of 5573.
5573
List the prime factors of 29291.
17, 1723
List the prime factors of 125890.
2, 5, 12589
What are the prime factors of 1164?
2, 3, 97
What are the prime factors of 350?
2, 5, 7
What are the prime factors of 68110?
2, 5, 7, 139
What are the prime factors of 66966?
2, 3, 11161
What are the prime factors of 76255?
5, 101, 151
List the prime factors of 614.
2, 307
What are the prime factors of 6860?
2, 5, 7
What are the prime factors of 2890?
2, 5, 17
What are the prime factors of 125092?
2, 11, 2843
List the prime factors of 42044.
2, 23, 457
List the prime factors of 276.
2, 3, 23
What are the prime factors of 16559?
29, 571
What are the prime factors of 959?
7, 137
What are the prime factors of 1834?
2, 7, 131
List the prime factors of 1663.
1663
List the prime factors of 21357.
3, 7, 113
What are the prime factors of 5044?
2, 13, 97
What are the prime factors of 4710?
2, 3, 5, 157
What are the prime factors of 11130?
2, 3, 5, 7, 53
List the prime factors of 692.
2, 173
List the prime factors of 4006.
2, 2003
What are the prime factors of 1757?
7, 251
List the prime factors of 7594.
2, 3797
What are the prime factors of 1858?
2, 929
List the prime factors of 6475.
5, 7, 37
What are the prime factors of 95?
5, 19
List the prime factors of 1494.
2, 3, 83
What are the prime factors of 1033?
1033
List the prime factors of 5813.
5813
What are the prime factors of 7796?
2, 1949
What are the prime factors of 861?
3, 7, 41
List the prime factors of 1400.
2, 5, 7
What are the prime factors of 22391?
22391
What are the prime factors of 35059?
35059
What are the prime factors of 2434?
2, 1217
What are the prime factors of 187964?
2, 7, 137
What are the prime factors of 2897?
2897
List the prime factors of 3426.
2, 3, 571
List the prime factors of 2408.
2, 7, 43
List the prime factors of 22454.
2, 103, 109
What are the prime factors of 25450?
2, 5, 509
What are the prime factors of 903?
3, 7, 43
What are the prime factors of 4212?
2, 3, 13
List the prime factors of 365.
5, 73
What are the prime factors of 10603?
23, 461
List the prime factors of 1512.
2, 3, 7
List the prime factors of 11169.
3, 17, 73
List the prime factors of 21265.
5, 4253
What are the prime factors of 3344?
2, 11, 19
What are the prime factors of 895?
5, 179
List the prime factors of 5426.
2, 2713
What are the prime factors of 38344?
2, 4793
List the prime factors of 2045.
5, 409
What are the prime factors of 2153?
2153
What are the prime factors of 6591?
3, 13
What are the prime factors of 2341?
2341
List the prime factors of 80283.
3, 7, 3823
List the prime factors of 2865.
3, 5, 191
What are the prime factors of 37064?
2, 41, 113
List the prime factors of 61210.
2, 5, 6121
What are the prime factors of 1455?
3, 5, 97
List the prime factors of 6225.
3, 5, 83
List the prime factors of 159.
3, 53
List the prime factors of 5034.
2, 3, 839
What are the prime factors of 26864?
2, 23, 73
What are the prime factors of 3145?
5, 17, 37
List the prime factors of 994.
2, 7, 71
List the prime factors of 21715.
5, 43, 101
What are the prime factors of 177?
3, 59
What are the prime factors of 66787?
7, 29, 47
What are the prime factors of 2454?
2, 3, 409
List the prime factors of 808.
2, 101
What are the prime factors of 3064?
2, 383
What are the prime factors of 34898?
2, 17449
List the prime factors of 23861.
107, 223
List the prime factors of 23114.
2, 7, 13, 127
What are the prime factors of 1201?
1201
What are the prime factors of 21156?
2, 3, 41, 43
List the prime factors of 37935.
3, 5, 281
What are the prime factors of 1510?
2, 5, 151
What are the prime factors of 1082?
2, 541
What are the prime factors of 25734?
2, 3, 4289
List the prime factors of 1685.
5, 337
What are the prime factors of 1531?
1531
What are the prime factors of 21765?
3, 5, 1451
What are the prime factors of 141317?
11, 29, 443
List the prime factors of 86134.
2, 43067
List the prime factors of 2368.
2, 37
What are the prime factors of 10140?
2, 3, 5, 13
List the prime factors of 43415.
5, 19, 457
List the prime factors of 2307.
3, 769
List the prime factors of 3049.
3049
What are the prime factors of 163469?
163469
List the prime factors of 67778.
2, 33889
What are the prime factors of 12575?
5, 503
List the prime factors of 604.
2, 151
List the prime factors of 133128.
2, 3, 43
List the prime factors of 50906.
2, 25453
What are the prime factors of 22433?
22433
List the prime factors of 3907.
3907
What are the prime factors of 10253?
10253
What are the prime factors of 2162?
2, 23, 47
List the prime factors of 16858.
2, 8429
List the prime factors of 4992.
2, 3, 13
List the prime factors of 2731.
2731
What are the prime factors of 461?
461
What are the prime factors of 99?
3, 11
List the prime factors of 9119.
11, 829
List the prime factors of 51233.
7, 13, 563
What are the prime factors of 1626?
2, 3, 271
List the prime factors of 2247.
3, 7, 107
List the prime factors of 2085.
3, 5, 139
What are the prime factors of 762?
2, 3, 127
List the prime factors of 1086.
2, 3, 181
What are the prime factors of 3657?
3, 23, 53
List the prime factors of 53674.
2, 47, 571
What are the prime factors of 21497?
7, 37, 83
List the prime factors of 386.
2, 193
What are the prime factors of 57?
3, 19
List the prime factors of 26112.
2, 3, 17
List the prime factors of 943.
23, 41
List the pri